a factor of 1066?
True
Is 243 a factor of 40581?
True
Is 59 a factor of 16815?
True
Is 32 a factor of 13376?
True
Is 588 a multiple of 14?
True
Is 71 a factor of 4348?
False
Does 8 divide 93?
False
Is 56 a factor of 38240?
False
Is 884 a multiple of 26?
True
Does 30 divide 1650?
True
Does 21 divide 7020?
False
Is 82 a factor of 6497?
False
Is 44310 a multiple of 21?
True
Is 26 a factor of 1422?
False
Is 20 a factor of 525?
False
Is 48 a factor of 1488?
True
Is 1689 a multiple of 40?
False
Does 13 divide 5727?
False
Is 1988 a multiple of 20?
False
Is 34398 a multiple of 13?
True
Does 57 divide 171?
True
Is 27 a factor of 5232?
False
Does 56 divide 3359?
False
Is 9842 a multiple of 58?
False
Is 39 a factor of 2106?
True
Is 2086 a multiple of 28?
False
Is 26 a factor of 1068?
False
Is 4 a factor of 312?
True
Is 4732 a multiple of 65?
False
Does 6 divide 24?
True
Is 2988 a multiple of 83?
True
Is 19 a factor of 2527?
True
Does 4 divide 8883?
False
Is 3330 a multiple of 14?
False
Does 158 divide 19750?
True
Does 9 divide 1477?
False
Does 56 divide 220?
False
Does 9 divide 4797?
True
Is 128734 a multiple of 337?
True
Does 10 divide 5549?
False
Is 14373 a multiple of 31?
False
Is 100 a factor of 31348?
False
Is 5 a factor of 12734?
False
Does 82 divide 1143?
False
Does 71 divide 14342?
True
Does 39 divide 602?
False
Does 11 divide 28007?
False
Does 7 divide 805?
True
Is 2137 a multiple of 9?
False
Is 4 a factor of 356?
True
Is 9136 a multiple of 4?
True
Is 13 a factor of 2558?
False
Is 22344 a multiple of 53?
False
Does 64 divide 67925?
False
Is 30 a factor of 10481?
False
Is 2240 a multiple of 20?
True
Does 46 divide 4278?
True
Is 7427 a multiple of 42?
False
Does 72 divide 342?
False
Is 8 a factor of 167?
False
Is 152 a factor of 3935?
False
Is 13 a factor of 143?
True
Is 2683 a multiple of 50?
False
Is 2 a factor of 821?
False
Is 75 a factor of 44775?
True
Does 60 divide 240?
True
Does 96 divide 11409?
False
Is 6399 a multiple of 79?
True
Is 68 a factor of 4828?
True
Does 8 divide 15704?
True
Does 5 divide 10430?
True
Does 44 divide 14069?
False
Is 91 a factor of 2400?
False
Does 10 divide 394?
False
Is 1887 a multiple of 37?
True
Is 5384 a multiple of 33?
False
Does 47 divide 1772?
False
Does 171 divide 22248?
False
Is 1014 a multiple of 13?
True
Does 27 divide 972?
True
Is 20 a factor of 682?
False
Is 3588 a multiple of 39?
True
Is 4 a factor of 90?
False
Does 2 divide 63?
False
Does 52 divide 3536?
True
Is 152 a factor of 5320?
True
Is 36 a factor of 216?
True
Is 24 a factor of 1166?
False
Is 8 a factor of 2408?
True
Is 11892 a multiple of 8?
False
Is 34 a factor of 19762?
False
Is 38 a factor of 836?
True
Is 4539 a multiple of 50?
False
Is 8 a factor of 7272?
True
Is 14 a factor of 4214?
True
Is 11 a factor of 268?
False
Is 2361 a multiple of 4?
False
Is 1008 a multiple of 118?
False
Does 4 divide 30344?
True
Does 38 divide 1672?
True
Does 39 divide 96941?
False
Does 53 divide 927?
False
Is 10 a factor of 11270?
True
Does 34 divide 5644?
True
Does 7 divide 2099?
False
Does 23 divide 191?
False
Is 11 a factor of 1342?
True
Is 1084 a multiple of 10?
False
Is 12 a factor of 789?
False
Does 6 divide 864?
True
Is 30 a factor of 7196?
False
Does 5 divide 1890?
True
Is 250 a factor of 1802?
False
Is 14256 a multiple of 54?
True
Does 50 divide 6106?
False
Is 57261 a multiple of 14?
False
Is 142 a factor of 4828?
True
Is 329 a multiple of 11?
False
Does 14 divide 894?
False
Does 12 divide 1099?
False
Is 849 a multiple of 65?
False
Does 35 divide 910?
True
Is 3 a factor of 141?
True
Is 8 a factor of 3661?
False
Does 265 divide 16165?
True
Is 44 a factor of 3124?
True
Is 159 a multiple of 53?
True
Does 13 divide 6729?
False
Does 7 divide 5180?
True
Does 8 divide 11608?
True
Does 6 divide 147?
False
Is 2016 a multiple of 7?
True
Is 5 a factor of 30?
True
Is 680 a multiple of 40?
True
Does 17 divide 346?
False
Is 272 a factor of 94082?
False
Does 40 divide 209?
False
Does 5 divide 2035?
True
Is 1572 a multiple of 3?
True
Does 11 divide 143?
True
Does 12 divide 9852?
True
Is 101 a factor of 202?
True
Is 13117 a multiple of 13?
True
Is 156 a factor of 4212?
True
Does 8 divide 1123?
False
Is 520 a multiple of 40?
True
Does 12 divide 586?
False
Is 29931 a multiple of 11?
True
Does 38 divide 532?
True
Is 65110 a multiple of 17?
True
Does 29 divide 967?
False
Does 28 divide 28?
True
Does 3 divide 10963?
False
Is 83 a factor of 732?
False
Does 25 divide 798?
False
Is 24 a multiple of 24?
True
Does 19 divide 72694?
True
Is 864 a multiple of 16?
True
Is 46 a factor of 1326?
False
Is 32 a factor of 30368?
True
Is 32 a factor of 10496?
True
Does 4 divide 3447?
False
Does 121 divide 1452?
True
Does 19 divide 22496?
True
Is 61 a factor of 2684?
True
Is 833 a multiple of 49?
True
Is 12 a factor of 38?
False
Does 7 divide 70?
True
Does 42 divide 12264?
True
Does 42 divide 559?
False
Is 14146 a multiple of 23?
False
Is 1312 a multiple of 4?
True
Is 9 a factor of 126?
True
Is 83 a factor of 23904?
True
Does 15 divide 19695?
True
Is 182 a multiple of 8?
False
Is 9 a factor of 3808?
False
Does 17 divide 289?
True
Is 7 a factor of 411?
False
Does 90 divide 360?
True
Does 21 divide 4305?
True
Is 961 a multiple of 31?
True
Is 1592 a multiple of 6?
False
Is 5216 a multiple of 355?
False
Is 556 a multiple of 3?
False
Is 18837 a multiple of 117?
True
Is 20025 a multiple of 15?
True
Is 885 a multiple of 15?
True
Is 14 a factor of 1376?
False
Is 8 a factor of 346?
False
Is 185 a factor of 72150?
True
Is 4905 a multiple of 9?
True
Is 10 a factor of 110?
True
Is 802 a multiple of 94?
False
Is 223 a multiple of 11?
False
Does 11 divide 770?
True
Is 118560 a multiple of 16?
True
Does 13 divide 678?
False
Is 11067 a multiple of 119?
True
Is 2926 a multiple of 60?
False
Does 5 divide 103?
False
Is 924 a multiple of 28?
True
Does 10 divide 612?
False
Does 39 divide 1365?
True
Does 11 divide 130262?
True
Is 114 a factor of 15390?
True
Does 25 divide 923?
False
Is 7560 a multiple of 18?
True
Is 139 a multiple of 18?
False
Is 64955 a multiple of 15?
False
Is 15940 a multiple of 10?
True
Is 1071 a multiple of 21?
True
Is 5692 a multiple of 39?
False
Does 18 divide 11952?
True
Is 900 a multiple of 6?
True
Is 1021 a multiple of 10?
False
Is 10710 a multiple of 5?
True
Does 30 divide 921?
False
Is 207 a multiple of 32?
False
Is 185 a factor of 64535?
False
Does 110 divide 13750?
True
Is 10 a factor of 2754?
False
Is 2125 a multiple of 5?
True
Is 21 a factor of 252?
True
Is 30572 a multiple of 238?
False
Is 464 a multiple of 5?
False
Is 28868 a multiple of 108?
False
Is 55 even?
False
Is 34848 a multiple of 8?
True
Does 63 divide 1023?
False
Does 28 divide 22196?
False
Is 10084 a multiple of 162?
False
Is 7 a factor of 14254?
False
Does 35 divide 16202?
False
Is 9 a factor of 1575?
True
Is 513 a multiple of 17?
False
Does 17 divide 272?
True
Is 5 a factor of 55?
True
Is 209 a factor of 4168?
False
Is 26127 a multiple of 74?
False
Is 7130 a multiple of 23?
True
Is 19 a factor of 17325?
False
Does 9 divide 198?
True
Does 39 divide 858?
True
Is 16 a factor of 416?
True
Does 22 divide 1122?
True
Is 48 a factor of 1152?
True
Is 55900 a multiple of 374?
False
Does 23 divide 25944?
True
Is 24 a factor of 20568?
True
Is 23941 a multiple of 89?
True
Is 374 a multiple of 3?
False
Does 139 divide 38570?
False
Is 4 a factor of 336?
True
Is 9 a factor of 19226?
False
Does 55 divide 1193?
False
Is 17 a factor of 63750?
True
Is 8 a factor of 8280?
True
Does 35 divide 595?
True
Is 51 a factor of 2376?
False
Is 1131 a multiple of 17?
False
Does 15 divide 120?
True
Does 31 divide 5580?
True
Is 12 a factor of 402?
False
Is 2208 a multiple of 64?
False
Does 18 divide 9124?
False
Is 6 a factor of 3860?
False
Is 14 a factor of 980?
True
Is 123 a factor of 6150?
True
Is 10 a factor of 17920?
True
Is 49 a factor of 389?
False
Is 240 a multiple of 48?
True
Does 29 divide 127?
False
Is 26400 a multiple of 96?
True
Does 93 divide 5301?
True
Does 13 divide 507?
True
Is 456 a multiple of 10?
False
Is 18 a factor of 54?
True
Is 5064 a multiple of 16?
False
Is 32 a factor of 704?
True
Is 23 a factor of 8947?
True
Is 23 a factor of 2829?
True
Does 44 divide 31728?
False
Is 300 a multiple of 12?
True
Is 26992 a multiple of 1